{"id":446,"date":"2024-11-19T16:32:24","date_gmt":"2024-11-19T22:32:24","guid":{"rendered":"http:\/\/centralsystems-sv.com\/?page_id=446"},"modified":"2024-11-20T17:35:56","modified_gmt":"2024-11-20T23:35:56","slug":"sistema-2","status":"publish","type":"page","link":"https:\/\/centralsystems-sv.com\/index.php\/sistema-2\/","title":{"rendered":"sistema"},"content":{"rendered":"<p><\/p><figure class=\"wp-block-image aligncenter size-full has-custom-border\"><img loading=\"lazy\" decoding=\"async\" width=\"735\" height=\"695\" src=\"http:\/\/centralsystems-sv.com\/wp-content\/uploads\/2024\/11\/Sistema-de-Facturacion-para-Empresas-TPV.jpeg\" alt=\"\" class=\"has-border-color has-base-border-color wp-image-471\" srcset=\"https:\/\/centralsystems-sv.com\/wp-content\/uploads\/2024\/11\/Sistema-de-Facturacion-para-Empresas-TPV.jpeg 735w, https:\/\/centralsystems-sv.com\/wp-content\/uploads\/2024\/11\/Sistema-de-Facturacion-para-Empresas-TPV-300x284.jpeg 300w, https:\/\/centralsystems-sv.com\/wp-content\/uploads\/2024\/11\/Sistema-de-Facturacion-para-Empresas-TPV-600x567.jpeg 600w\" sizes=\"auto, (max-width: 735px) 100vw, 735px\" \/><\/figure><hr class=\"wp-block-separator has-alpha-channel-opacity\"\/><h3 class=\"wp-block-heading has-text-align-center\"><strong><mark style=\"background-color:rgba(0, 0, 0, 0);color:#4541ff\" class=\"has-inline-color\">Clientes que conf\u00edan en nuestra soluci\u00f3n<\/mark><\/strong><\/h3><div aria-label=\"Carousel Gallery\" class=\"wp-block-coblocks-gallery-carousel alignfull\"><div class=\"coblocks-gallery-carousel-swiper-container is-cropped coblocks-gallery has-caption-style-dark has-horizontal-gutter\"><div class=\"has-carousel has-carousel-sml swiper-container has-aligned-cells has-nav-9723e287\" data-swiper=\"{&quot;alignCells&quot;:true,&quot;autoPlay&quot;:true,&quot;autoPlaySpeed&quot;:&quot;2000&quot;,&quot;draggable&quot;:false,&quot;freeMode&quot;:false,&quot;loop&quot;:true,&quot;navigation&quot;:false,&quot;pageDots&quot;:false,&quot;pauseHover&quot;:false,&quot;responsiveHeight&quot;:false,&quot;slidesPerView&quot;:5,&quot;thumbnails&quot;:true,&quot;uuid&quot;:&quot;12345&quot;}\" style=\"height:180px\"><div class=\"swiper-wrapper\"><div class=\"swiper-slide\"><div class=\"coblocks-gallery--item\" role=\"button\" tabindex=\"0\"><figure class=\"coblocks-gallery--figure has-margin-left-20 has-margin-right-20\"><img loading=\"lazy\" decoding=\"async\" width=\"736\" height=\"736\" alt=\"\" class=\"wp-image-531\" data-id=\"531\" data-link=\"http:\/\/centralsystems-sv.com\/index.php\/sistema-2\/familiaridade_-a-logomarca-da-empresa-apple-e-3\/\" src=\"http:\/\/centralsystems-sv.com\/wp-content\/uploads\/2024\/11\/Familiaridade_-A-logomarca-da-empresa-Apple-e\u2026-2.jpeg\" srcset=\"https:\/\/centralsystems-sv.com\/wp-content\/uploads\/2024\/11\/Familiaridade_-A-logomarca-da-empresa-Apple-e\u2026-2.jpeg 736w, https:\/\/centralsystems-sv.com\/wp-content\/uploads\/2024\/11\/Familiaridade_-A-logomarca-da-empresa-Apple-e\u2026-2-300x300.jpeg 300w, https:\/\/centralsystems-sv.com\/wp-content\/uploads\/2024\/11\/Familiaridade_-A-logomarca-da-empresa-Apple-e\u2026-2-150x150.jpeg 150w, https:\/\/centralsystems-sv.com\/wp-content\/uploads\/2024\/11\/Familiaridade_-A-logomarca-da-empresa-Apple-e\u2026-2-600x600.jpeg 600w, https:\/\/centralsystems-sv.com\/wp-content\/uploads\/2024\/11\/Familiaridade_-A-logomarca-da-empresa-Apple-e\u2026-2-100x100.jpeg 100w\" sizes=\"auto, (max-width: 736px) 100vw, 736px\" \/><\/figure><figcaption class=\"coblocks-gallery--caption coblocks-gallery--primary-caption\"><\/figcaption><\/div><\/div><div class=\"swiper-slide\"><div class=\"coblocks-gallery--item\" role=\"button\" tabindex=\"1\"><figure class=\"coblocks-gallery--figure has-margin-left-20 has-margin-right-20\"><img loading=\"lazy\" decoding=\"async\" width=\"320\" height=\"319\" alt=\"\" class=\"wp-image-532\" data-id=\"532\" data-link=\"http:\/\/centralsystems-sv.com\/index.php\/sistema-2\/lacoste-logo-vector-_cdr-3\/\" src=\"http:\/\/centralsystems-sv.com\/wp-content\/uploads\/2024\/11\/Lacoste-Logo-vector-_cdr-2.jpeg\" srcset=\"https:\/\/centralsystems-sv.com\/wp-content\/uploads\/2024\/11\/Lacoste-Logo-vector-_cdr-2.jpeg 320w, https:\/\/centralsystems-sv.com\/wp-content\/uploads\/2024\/11\/Lacoste-Logo-vector-_cdr-2-300x300.jpeg 300w, https:\/\/centralsystems-sv.com\/wp-content\/uploads\/2024\/11\/Lacoste-Logo-vector-_cdr-2-150x150.jpeg 150w, https:\/\/centralsystems-sv.com\/wp-content\/uploads\/2024\/11\/Lacoste-Logo-vector-_cdr-2-100x100.jpeg 100w\" sizes=\"auto, (max-width: 320px) 100vw, 320px\" \/><\/figure><figcaption class=\"coblocks-gallery--caption coblocks-gallery--primary-caption\"><\/figcaption><\/div><\/div><div class=\"swiper-slide\"><div class=\"coblocks-gallery--item\" role=\"button\" tabindex=\"2\"><figure class=\"coblocks-gallery--figure has-margin-left-20 has-margin-right-20\"><img loading=\"lazy\" decoding=\"async\" width=\"736\" height=\"631\" alt=\"\" class=\"wp-image-533\" data-id=\"533\" data-link=\"http:\/\/centralsystems-sv.com\/index.php\/sistema-2\/18c0b1c3-2cf7-4d39-b34f-dde06c4c4a84-3\/\" src=\"http:\/\/centralsystems-sv.com\/wp-content\/uploads\/2024\/11\/18c0b1c3-2cf7-4d39-b34f-dde06c4c4a84-2.jpeg\" srcset=\"https:\/\/centralsystems-sv.com\/wp-content\/uploads\/2024\/11\/18c0b1c3-2cf7-4d39-b34f-dde06c4c4a84-2.jpeg 736w, https:\/\/centralsystems-sv.com\/wp-content\/uploads\/2024\/11\/18c0b1c3-2cf7-4d39-b34f-dde06c4c4a84-2-300x257.jpeg 300w, https:\/\/centralsystems-sv.com\/wp-content\/uploads\/2024\/11\/18c0b1c3-2cf7-4d39-b34f-dde06c4c4a84-2-600x514.jpeg 600w\" sizes=\"auto, (max-width: 736px) 100vw, 736px\" \/><\/figure><figcaption class=\"coblocks-gallery--caption coblocks-gallery--primary-caption\"><\/figcaption><\/div><\/div><div class=\"swiper-slide\"><div class=\"coblocks-gallery--item\" role=\"button\" tabindex=\"3\"><figure class=\"coblocks-gallery--figure has-margin-left-20 has-margin-right-20\"><img loading=\"lazy\" decoding=\"async\" width=\"300\" height=\"262\" alt=\"\" class=\"wp-image-534\" data-id=\"534\" data-link=\"http:\/\/centralsystems-sv.com\/index.php\/sistema-2\/logos-de-coches_-senas-de-identidad-race-3\/\" src=\"http:\/\/centralsystems-sv.com\/wp-content\/uploads\/2024\/11\/Logos-de-coches_-senas-de-identidad-RACE-2.jpeg\"\/><\/figure><figcaption class=\"coblocks-gallery--caption coblocks-gallery--primary-caption\"><\/figcaption><\/div><\/div><div class=\"swiper-slide\"><div class=\"coblocks-gallery--item\" role=\"button\" tabindex=\"4\"><figure class=\"coblocks-gallery--figure has-margin-left-20 has-margin-right-20\"><img loading=\"lazy\" decoding=\"async\" width=\"735\" height=\"743\" alt=\"\" class=\"wp-image-535\" data-id=\"535\" data-link=\"http:\/\/centralsystems-sv.com\/index.php\/sistema-2\/logos-y-eslogans-de-empresas_-que-las-hizo-llegar-a-donde-estan_-3\/\" src=\"http:\/\/centralsystems-sv.com\/wp-content\/uploads\/2024\/11\/Logos-y-eslogans-de-empresas_-\u00bfQue-las-hizo-llegar-a-donde-estan_-2.jpeg\" srcset=\"https:\/\/centralsystems-sv.com\/wp-content\/uploads\/2024\/11\/Logos-y-eslogans-de-empresas_-\u00bfQue-las-hizo-llegar-a-donde-estan_-2.jpeg 735w, https:\/\/centralsystems-sv.com\/wp-content\/uploads\/2024\/11\/Logos-y-eslogans-de-empresas_-\u00bfQue-las-hizo-llegar-a-donde-estan_-2-297x300.jpeg 297w, https:\/\/centralsystems-sv.com\/wp-content\/uploads\/2024\/11\/Logos-y-eslogans-de-empresas_-\u00bfQue-las-hizo-llegar-a-donde-estan_-2-600x607.jpeg 600w, https:\/\/centralsystems-sv.com\/wp-content\/uploads\/2024\/11\/Logos-y-eslogans-de-empresas_-\u00bfQue-las-hizo-llegar-a-donde-estan_-2-100x100.jpeg 100w\" sizes=\"auto, (max-width: 735px) 100vw, 735px\" \/><\/figure><figcaption class=\"coblocks-gallery--caption coblocks-gallery--primary-caption\"><\/figcaption><\/div><\/div><div class=\"swiper-slide\"><div class=\"coblocks-gallery--item\" role=\"button\" tabindex=\"5\"><figure class=\"coblocks-gallery--figure has-margin-left-20 has-margin-right-20\"><img loading=\"lazy\" decoding=\"async\" width=\"521\" height=\"521\" alt=\"\" class=\"wp-image-536\" data-id=\"536\" data-link=\"http:\/\/centralsystems-sv.com\/index.php\/sistema-2\/lamborghini-logo-png-logo-vector-brand-downloads-svg-eps-3\/\" src=\"http:\/\/centralsystems-sv.com\/wp-content\/uploads\/2024\/11\/Lamborghini-Logo-PNG-Logo-Vector-Brand-Downloads-SVG-EPS-2.jpeg\" srcset=\"https:\/\/centralsystems-sv.com\/wp-content\/uploads\/2024\/11\/Lamborghini-Logo-PNG-Logo-Vector-Brand-Downloads-SVG-EPS-2.jpeg 521w, https:\/\/centralsystems-sv.com\/wp-content\/uploads\/2024\/11\/Lamborghini-Logo-PNG-Logo-Vector-Brand-Downloads-SVG-EPS-2-300x300.jpeg 300w, https:\/\/centralsystems-sv.com\/wp-content\/uploads\/2024\/11\/Lamborghini-Logo-PNG-Logo-Vector-Brand-Downloads-SVG-EPS-2-150x150.jpeg 150w, https:\/\/centralsystems-sv.com\/wp-content\/uploads\/2024\/11\/Lamborghini-Logo-PNG-Logo-Vector-Brand-Downloads-SVG-EPS-2-100x100.jpeg 100w\" sizes=\"auto, (max-width: 521px) 100vw, 521px\" \/><\/figure><figcaption class=\"coblocks-gallery--caption coblocks-gallery--primary-caption\"><\/figcaption><\/div><\/div><div class=\"swiper-slide\"><div class=\"coblocks-gallery--item\" role=\"button\" tabindex=\"6\"><figure class=\"coblocks-gallery--figure has-margin-left-20 has-margin-right-20\"><img loading=\"lazy\" decoding=\"async\" width=\"512\" height=\"512\" alt=\"\" class=\"wp-image-537\" data-id=\"537\" data-link=\"http:\/\/centralsystems-sv.com\/index.php\/sistema-2\/tesla-logo-png-image-with-transparent-background-3\/\" src=\"http:\/\/centralsystems-sv.com\/wp-content\/uploads\/2024\/11\/Tesla-logo-PNG-image-with-transparent-background-2.jpeg\" srcset=\"https:\/\/centralsystems-sv.com\/wp-content\/uploads\/2024\/11\/Tesla-logo-PNG-image-with-transparent-background-2.jpeg 512w, https:\/\/centralsystems-sv.com\/wp-content\/uploads\/2024\/11\/Tesla-logo-PNG-image-with-transparent-background-2-300x300.jpeg 300w, https:\/\/centralsystems-sv.com\/wp-content\/uploads\/2024\/11\/Tesla-logo-PNG-image-with-transparent-background-2-150x150.jpeg 150w, https:\/\/centralsystems-sv.com\/wp-content\/uploads\/2024\/11\/Tesla-logo-PNG-image-with-transparent-background-2-100x100.jpeg 100w\" sizes=\"auto, (max-width: 512px) 100vw, 512px\" \/><\/figure><figcaption class=\"coblocks-gallery--caption coblocks-gallery--primary-caption\"><\/figcaption><\/div><\/div><div class=\"swiper-slide\"><div class=\"coblocks-gallery--item\" role=\"button\" tabindex=\"7\"><figure class=\"coblocks-gallery--figure has-margin-left-20 has-margin-right-20\"><img loading=\"lazy\" decoding=\"async\" width=\"375\" height=\"375\" alt=\"\" class=\"wp-image-538\" data-id=\"538\" data-link=\"http:\/\/centralsystems-sv.com\/index.php\/sistema-2\/disfruta-el-sabor-campero-a-domicilio-o-para-llevar-pollo-campero-3\/\" src=\"http:\/\/centralsystems-sv.com\/wp-content\/uploads\/2024\/11\/Disfruta-el-sabor-Campero-a-domicilio-o-para-llevar-Pollo-Campero-2.jpeg\" srcset=\"https:\/\/centralsystems-sv.com\/wp-content\/uploads\/2024\/11\/Disfruta-el-sabor-Campero-a-domicilio-o-para-llevar-Pollo-Campero-2.jpeg 375w, https:\/\/centralsystems-sv.com\/wp-content\/uploads\/2024\/11\/Disfruta-el-sabor-Campero-a-domicilio-o-para-llevar-Pollo-Campero-2-300x300.jpeg 300w, https:\/\/centralsystems-sv.com\/wp-content\/uploads\/2024\/11\/Disfruta-el-sabor-Campero-a-domicilio-o-para-llevar-Pollo-Campero-2-150x150.jpeg 150w, https:\/\/centralsystems-sv.com\/wp-content\/uploads\/2024\/11\/Disfruta-el-sabor-Campero-a-domicilio-o-para-llevar-Pollo-Campero-2-100x100.jpeg 100w\" sizes=\"auto, (max-width: 375px) 100vw, 375px\" \/><\/figure><figcaption class=\"coblocks-gallery--caption coblocks-gallery--primary-caption\"><\/figcaption><\/div><\/div><div class=\"swiper-slide\"><div class=\"coblocks-gallery--item\" role=\"button\" tabindex=\"8\"><figure class=\"coblocks-gallery--figure has-margin-left-20 has-margin-right-20\"><img loading=\"lazy\" decoding=\"async\" width=\"640\" height=\"640\" alt=\"\" class=\"wp-image-539\" data-id=\"539\" data-link=\"http:\/\/centralsystems-sv.com\/index.php\/sistema-2\/icono-de-redes-sociales-facebook-logo-de-facebook-png-dibujos-clipart-de-logo-iconos-de-facebook-iconos-sociales-png-y-vector-para-descargar-gratis-_-pngtree-3\/\" src=\"http:\/\/centralsystems-sv.com\/wp-content\/uploads\/2024\/11\/Icono-De-Redes-Sociales-Facebook-Logo-De-Facebook-PNG-dibujos-Clipart-De-Logo-Iconos-De-Facebook-Iconos-Sociales-PNG-y-Vector-para-Descargar-Gratis-_-Pngtree-2.jpeg\" srcset=\"https:\/\/centralsystems-sv.com\/wp-content\/uploads\/2024\/11\/Icono-De-Redes-Sociales-Facebook-Logo-De-Facebook-PNG-dibujos-Clipart-De-Logo-Iconos-De-Facebook-Iconos-Sociales-PNG-y-Vector-para-Descargar-Gratis-_-Pngtree-2.jpeg 640w, https:\/\/centralsystems-sv.com\/wp-content\/uploads\/2024\/11\/Icono-De-Redes-Sociales-Facebook-Logo-De-Facebook-PNG-dibujos-Clipart-De-Logo-Iconos-De-Facebook-Iconos-Sociales-PNG-y-Vector-para-Descargar-Gratis-_-Pngtree-2-300x300.jpeg 300w, https:\/\/centralsystems-sv.com\/wp-content\/uploads\/2024\/11\/Icono-De-Redes-Sociales-Facebook-Logo-De-Facebook-PNG-dibujos-Clipart-De-Logo-Iconos-De-Facebook-Iconos-Sociales-PNG-y-Vector-para-Descargar-Gratis-_-Pngtree-2-150x150.jpeg 150w, https:\/\/centralsystems-sv.com\/wp-content\/uploads\/2024\/11\/Icono-De-Redes-Sociales-Facebook-Logo-De-Facebook-PNG-dibujos-Clipart-De-Logo-Iconos-De-Facebook-Iconos-Sociales-PNG-y-Vector-para-Descargar-Gratis-_-Pngtree-2-600x600.jpeg 600w, https:\/\/centralsystems-sv.com\/wp-content\/uploads\/2024\/11\/Icono-De-Redes-Sociales-Facebook-Logo-De-Facebook-PNG-dibujos-Clipart-De-Logo-Iconos-De-Facebook-Iconos-Sociales-PNG-y-Vector-para-Descargar-Gratis-_-Pngtree-2-100x100.jpeg 100w\" sizes=\"auto, (max-width: 640px) 100vw, 640px\" \/><\/figure><figcaption class=\"coblocks-gallery--caption coblocks-gallery--primary-caption\"><\/figcaption><\/div><\/div><\/div><\/div><div class=\"wp-block-coblocks-gallery-carousel-thumbnail-pagination has-margin-top-20\"><button aria-label=\"gallery thumbnail\" class=\"wp-block-coblocks-gallery-carousel-thumbnail wp-block-coblocks-gallery-carousel-thumbnail-0 has-margin-left-20 has-margin-right-20\" style=\"height:80px;width:100px\" tabindex=\"0\"><img decoding=\"async\" alt=\"\" data-id=\"531\" data-link=\"http:\/\/centralsystems-sv.com\/index.php\/sistema-2\/familiaridade_-a-logomarca-da-empresa-apple-e-3\/\" src=\"http:\/\/centralsystems-sv.com\/wp-content\/uploads\/2024\/11\/Familiaridade_-A-logomarca-da-empresa-Apple-e\u2026-2.jpeg\" style=\"height:100%;width:100%\"\/><\/button><button aria-label=\"gallery thumbnail\" class=\"wp-block-coblocks-gallery-carousel-thumbnail wp-block-coblocks-gallery-carousel-thumbnail-1 has-margin-left-20 has-margin-right-20\" style=\"height:80px;width:100px\" tabindex=\"0\"><img decoding=\"async\" alt=\"\" data-id=\"532\" data-link=\"http:\/\/centralsystems-sv.com\/index.php\/sistema-2\/lacoste-logo-vector-_cdr-3\/\" src=\"http:\/\/centralsystems-sv.com\/wp-content\/uploads\/2024\/11\/Lacoste-Logo-vector-_cdr-2.jpeg\" style=\"height:100%;width:100%\"\/><\/button><button aria-label=\"gallery thumbnail\" class=\"wp-block-coblocks-gallery-carousel-thumbnail wp-block-coblocks-gallery-carousel-thumbnail-2 has-margin-left-20 has-margin-right-20\" style=\"height:80px;width:100px\" tabindex=\"0\"><img decoding=\"async\" alt=\"\" data-id=\"533\" data-link=\"http:\/\/centralsystems-sv.com\/index.php\/sistema-2\/18c0b1c3-2cf7-4d39-b34f-dde06c4c4a84-3\/\" src=\"http:\/\/centralsystems-sv.com\/wp-content\/uploads\/2024\/11\/18c0b1c3-2cf7-4d39-b34f-dde06c4c4a84-2.jpeg\" style=\"height:100%;width:100%\"\/><\/button><button aria-label=\"gallery thumbnail\" class=\"wp-block-coblocks-gallery-carousel-thumbnail wp-block-coblocks-gallery-carousel-thumbnail-3 has-margin-left-20 has-margin-right-20\" style=\"height:80px;width:100px\" tabindex=\"0\"><img decoding=\"async\" alt=\"\" data-id=\"534\" data-link=\"http:\/\/centralsystems-sv.com\/index.php\/sistema-2\/logos-de-coches_-senas-de-identidad-race-3\/\" src=\"http:\/\/centralsystems-sv.com\/wp-content\/uploads\/2024\/11\/Logos-de-coches_-senas-de-identidad-RACE-2.jpeg\" style=\"height:100%;width:100%\"\/><\/button><button aria-label=\"gallery thumbnail\" class=\"wp-block-coblocks-gallery-carousel-thumbnail wp-block-coblocks-gallery-carousel-thumbnail-4 has-margin-left-20 has-margin-right-20\" style=\"height:80px;width:100px\" tabindex=\"0\"><img decoding=\"async\" alt=\"\" data-id=\"535\" data-link=\"http:\/\/centralsystems-sv.com\/index.php\/sistema-2\/logos-y-eslogans-de-empresas_-que-las-hizo-llegar-a-donde-estan_-3\/\" src=\"http:\/\/centralsystems-sv.com\/wp-content\/uploads\/2024\/11\/Logos-y-eslogans-de-empresas_-\u00bfQue-las-hizo-llegar-a-donde-estan_-2.jpeg\" style=\"height:100%;width:100%\"\/><\/button><button aria-label=\"gallery thumbnail\" class=\"wp-block-coblocks-gallery-carousel-thumbnail wp-block-coblocks-gallery-carousel-thumbnail-5 has-margin-left-20 has-margin-right-20\" style=\"height:80px;width:100px\" tabindex=\"0\"><img decoding=\"async\" alt=\"\" data-id=\"536\" data-link=\"http:\/\/centralsystems-sv.com\/index.php\/sistema-2\/lamborghini-logo-png-logo-vector-brand-downloads-svg-eps-3\/\" src=\"http:\/\/centralsystems-sv.com\/wp-content\/uploads\/2024\/11\/Lamborghini-Logo-PNG-Logo-Vector-Brand-Downloads-SVG-EPS-2.jpeg\" style=\"height:100%;width:100%\"\/><\/button><button aria-label=\"gallery thumbnail\" class=\"wp-block-coblocks-gallery-carousel-thumbnail wp-block-coblocks-gallery-carousel-thumbnail-6 has-margin-left-20 has-margin-right-20\" style=\"height:80px;width:100px\" tabindex=\"0\"><img decoding=\"async\" alt=\"\" data-id=\"537\" data-link=\"http:\/\/centralsystems-sv.com\/index.php\/sistema-2\/tesla-logo-png-image-with-transparent-background-3\/\" src=\"http:\/\/centralsystems-sv.com\/wp-content\/uploads\/2024\/11\/Tesla-logo-PNG-image-with-transparent-background-2.jpeg\" style=\"height:100%;width:100%\"\/><\/button><button aria-label=\"gallery thumbnail\" class=\"wp-block-coblocks-gallery-carousel-thumbnail wp-block-coblocks-gallery-carousel-thumbnail-7 has-margin-left-20 has-margin-right-20\" style=\"height:80px;width:100px\" tabindex=\"0\"><img decoding=\"async\" alt=\"\" data-id=\"538\" data-link=\"http:\/\/centralsystems-sv.com\/index.php\/sistema-2\/disfruta-el-sabor-campero-a-domicilio-o-para-llevar-pollo-campero-3\/\" src=\"http:\/\/centralsystems-sv.com\/wp-content\/uploads\/2024\/11\/Disfruta-el-sabor-Campero-a-domicilio-o-para-llevar-Pollo-Campero-2.jpeg\" style=\"height:100%;width:100%\"\/><\/button><button aria-label=\"gallery thumbnail\" class=\"wp-block-coblocks-gallery-carousel-thumbnail wp-block-coblocks-gallery-carousel-thumbnail-8 has-margin-left-20 has-margin-right-20\" style=\"height:80px;width:100px\" tabindex=\"0\"><img decoding=\"async\" alt=\"\" data-id=\"539\" data-link=\"http:\/\/centralsystems-sv.com\/index.php\/sistema-2\/icono-de-redes-sociales-facebook-logo-de-facebook-png-dibujos-clipart-de-logo-iconos-de-facebook-iconos-sociales-png-y-vector-para-descargar-gratis-_-pngtree-3\/\" src=\"http:\/\/centralsystems-sv.com\/wp-content\/uploads\/2024\/11\/Icono-De-Redes-Sociales-Facebook-Logo-De-Facebook-PNG-dibujos-Clipart-De-Logo-Iconos-De-Facebook-Iconos-Sociales-PNG-y-Vector-para-Descargar-Gratis-_-Pngtree-2.jpeg\" style=\"height:100%;width:100%\"\/><\/button><\/div><\/div><\/div><p><\/p><hr class=\"wp-block-separator has-alpha-channel-opacity\"\/><figure class=\"wp-block-embed is-type-video is-provider-youtube wp-block-embed-youtube wp-embed-aspect-16-9 wp-has-aspect-ratio\"><div class=\"wp-block-embed__wrapper\">\n<iframe loading=\"lazy\" title=\"\u00bfSabes qu\u00e9 es la facturaci\u00f3n electr\u00f3nica y para qu\u00e9 sirve? \ud83c\udf4e\ud83d\udcbb\" width=\"500\" height=\"281\" src=\"https:\/\/www.youtube.com\/embed\/FjygJyXrgJk?feature=oembed\" frameborder=\"0\" allow=\"accelerometer; autoplay; clipboard-write; encrypted-media; gyroscope; picture-in-picture; web-share\" referrerpolicy=\"strict-origin-when-cross-origin\" allowfullscreen><\/iframe>\n<\/div><\/figure><hr class=\"wp-block-separator has-alpha-channel-opacity\"\/><div class=\"wp-block-columns is-layout-flex wp-container-core-columns-is-layout-28f84493 wp-block-columns-is-layout-flex\"><div class=\"wp-block-column is-layout-flow wp-block-column-is-layout-flow\"><p>.<\/p>\n\n<p>.<\/p>\n\n<p>.<\/p>\n\n<h3 class=\"wp-block-heading has-text-align-center\">Factura f\u00e1cil y r\u00e1pido<\/h3>\n\n<ol class=\"wp-block-list\"><li><img decoding=\"async\" src=\"https:\/\/findex.la\/hs-fs\/hubfs\/Dise%C3%B1o%20sin%20t%C3%ADtulo%20(5).png?width=80&amp;height=80&amp;name=Dise%C3%B1o%20sin%20t%C3%ADtulo%20(5).png\" alt=\"Icon_findex\" style=\"width: 25px;\">Crea y env\u00eda cualquier tipo de documento electr\u00f3nico a tus clientes.\u00a0<\/li>\n\n<li><img decoding=\"async\" src=\"https:\/\/findex.la\/hs-fs\/hubfs\/Dise%C3%B1o%20sin%20t%C3%ADtulo%20(5).png?width=80&amp;height=80&amp;name=Dise%C3%B1o%20sin%20t%C3%ADtulo%20(5).png\" alt=\"Icon_findex\" style=\"width: 25px;\">Realiza tus facturas en poco tiempo, lograr\u00e1s hacerlo en menos de 1 minuto.\u00a0<\/li>\n\n<li><img decoding=\"async\" src=\"https:\/\/findex.la\/hs-fs\/hubfs\/Dise%C3%B1o%20sin%20t%C3%ADtulo%20(5).png?width=80&amp;height=80&amp;name=Dise%C3%B1o%20sin%20t%C3%ADtulo%20(5).png\" alt=\"Icon_findex\" style=\"width: 25px;\">Integra f\u00e1cilmente tu sistema contable a nuestra soluci\u00f3n y ahorra recursos.<\/li><\/ol><\/div>\n\n<div class=\"wp-block-column is-layout-flow wp-block-column-is-layout-flow\"><figure class=\"wp-block-image size-full has-custom-border\"><img loading=\"lazy\" decoding=\"async\" width=\"600\" height=\"600\" src=\"http:\/\/centralsystems-sv.com\/wp-content\/uploads\/2024\/11\/Sistema-administrativo-online_-2.jpeg\" alt=\"\" class=\"has-border-color has-base-border-color wp-image-511\" srcset=\"https:\/\/centralsystems-sv.com\/wp-content\/uploads\/2024\/11\/Sistema-administrativo-online_-2.jpeg 600w, https:\/\/centralsystems-sv.com\/wp-content\/uploads\/2024\/11\/Sistema-administrativo-online_-2-300x300.jpeg 300w, https:\/\/centralsystems-sv.com\/wp-content\/uploads\/2024\/11\/Sistema-administrativo-online_-2-150x150.jpeg 150w, https:\/\/centralsystems-sv.com\/wp-content\/uploads\/2024\/11\/Sistema-administrativo-online_-2-100x100.jpeg 100w\" sizes=\"auto, (max-width: 600px) 100vw, 600px\" \/><\/figure><\/div><\/div><h4 class=\"wp-block-heading has-text-align-center\"><strong><mark style=\"background-color:rgba(0, 0, 0, 0);color:#3c60ff\" class=\"has-inline-color\">Nuestro sistema<\/mark><\/strong><\/h4><p class=\"has-text-align-center\">Almacena toda tus facturas de compra en un solo lugar, olv\u00eddate de usar m\u00e1s herramientas.<\/p><p class=\"has-text-align-center\">Genera reportes f\u00e1ciles de usar para optimizar tus procesos contables.<\/p><p class=\"has-text-align-center\">Mejora la relaci\u00f3n con tus proveedores al tener toda tu informaci\u00f3n en un solo lugar.<\/p><hr class=\"wp-block-separator has-alpha-channel-opacity\"\/><figure class=\"wp-block-image aligncenter size-full is-resized has-custom-border\"><img loading=\"lazy\" decoding=\"async\" width=\"640\" height=\"565\" src=\"http:\/\/centralsystems-sv.com\/wp-content\/uploads\/2024\/11\/Vendiendo_co-un-sistema-para-Punto-de-Venta-muy\u2026.jpeg\" alt=\"\" class=\"has-border-color has-base-border-color wp-image-502\" style=\"width:634px;height:auto\" srcset=\"https:\/\/centralsystems-sv.com\/wp-content\/uploads\/2024\/11\/Vendiendo_co-un-sistema-para-Punto-de-Venta-muy\u2026.jpeg 640w, https:\/\/centralsystems-sv.com\/wp-content\/uploads\/2024\/11\/Vendiendo_co-un-sistema-para-Punto-de-Venta-muy\u2026-300x265.jpeg 300w, https:\/\/centralsystems-sv.com\/wp-content\/uploads\/2024\/11\/Vendiendo_co-un-sistema-para-Punto-de-Venta-muy\u2026-600x530.jpeg 600w\" sizes=\"auto, (max-width: 640px) 100vw, 640px\" \/><\/figure><p><\/p>","protected":false},"excerpt":{"rendered":"<p>Clientes que conf\u00edan en nuestra soluci\u00f3n . . . Factura f\u00e1cil y r\u00e1pido Nuestro sistema Almacena toda tus facturas de compra en un solo lugar, olv\u00eddate de usar m\u00e1s herramientas. Genera reportes f\u00e1ciles de usar para optimizar tus procesos contables. Mejora la relaci\u00f3n con tus proveedores al tener toda tu informaci\u00f3n en un solo lugar.<\/p>\n","protected":false},"author":1,"featured_media":0,"parent":0,"menu_order":0,"comment_status":"closed","ping_status":"closed","template":"","meta":{"_coblocks_attr":"","_coblocks_dimensions":"","_coblocks_responsive_height":"","_coblocks_accordion_ie_support":"","footnotes":""},"class_list":["post-446","page","type-page","status-publish","hentry"],"jetpack_sharing_enabled":true,"_links":{"self":[{"href":"https:\/\/centralsystems-sv.com\/index.php\/wp-json\/wp\/v2\/pages\/446","targetHints":{"allow":["GET"]}}],"collection":[{"href":"https:\/\/centralsystems-sv.com\/index.php\/wp-json\/wp\/v2\/pages"}],"about":[{"href":"https:\/\/centralsystems-sv.com\/index.php\/wp-json\/wp\/v2\/types\/page"}],"author":[{"embeddable":true,"href":"https:\/\/centralsystems-sv.com\/index.php\/wp-json\/wp\/v2\/users\/1"}],"replies":[{"embeddable":true,"href":"https:\/\/centralsystems-sv.com\/index.php\/wp-json\/wp\/v2\/comments?post=446"}],"version-history":[{"count":9,"href":"https:\/\/centralsystems-sv.com\/index.php\/wp-json\/wp\/v2\/pages\/446\/revisions"}],"predecessor-version":[{"id":544,"href":"https:\/\/centralsystems-sv.com\/index.php\/wp-json\/wp\/v2\/pages\/446\/revisions\/544"}],"wp:attachment":[{"href":"https:\/\/centralsystems-sv.com\/index.php\/wp-json\/wp\/v2\/media?parent=446"}],"curies":[{"name":"wp","href":"https:\/\/api.w.org\/{rel}","templated":true}]}}